0 - -12?
-301324
In base 10, what is -20 - 6682?
-6702
In base 14, what is 122171 + -5?
12216a
In base 10, what is 221 - -155?
376
In base 12, what is -8 - -132a6?
1329a
In base 13, what is 2872 - -5?
2877
In base 7, what is -54321 + -1?
-54322
In base 9, what is 22511664 + -4?
22511660
In base 8, what is -11 - -365202?
365171
In base 12, what is 1a266 - -5?
1a26b
In base 6, what is -14042310 + -1?
-14042311
In base 8, what is -2 - 5070010?
-5070012
In base 11, what is -27a1 - -6?
-2796
In base 16, what is 6f0 + 262?
952
In base 2, what is 1100100 - 11001100?
-1101000
In base 7, what is 10 - -163212?
163222
In base 10, what is 0 - 4203?
-4203
In base 10, what is -433 - 4533?
-4966
In base 13, what is ac - -2a?
109
In base 2, what is -101 - 10100001110110?
-10100001111011
In base 13, what is -151b + 2?
-1519
In base 11, what is 5 + -25752?
-25748
In base 4, what is 11 + 3231000?
3231011
In base 5, what is -4 + 242411241?
242411232
In base 15, what is 4e14c + 2?
4e14e
In base 9, what is -1506 + 66?
-1430
In base 5, what is -1443030320 + 3?
-1443030312
In base 8, what is -1 - -1623123?
1623122
In base 10, what is -2 + 60087?
60085
In base 11, what is -1 + -43a6?
-43a7
In base 5, what is 1 + 1410324?
1410330
In base 11, what is -1aa891 - -3?
-1aa889
In base 14, what is -198a0 + 12?
-1988c
In base 14, what is -7bba1 + -4?
-7bba5
In base 12, what is 1525 - 6?
151b
In base 10, what is 9081 - -10?
9091
In base 12, what is -8666 + 0?
-8666
In base 13, what is 4 + -8038?
-8034
In base 15, what is -8 - 60d0?
-60d8
In base 9, what is 882 - 3?
878
In base 10, what is -2 + -17225?
-17227
In base 11, what is 4a - 1725?
-1686
In base 4, what is 1031 - 333?
32
In base 4, what is 20233 - 10?
20223
In base 4, what is -32012 + 11?
-32001
In base 5, what is 0 + 3033402?
3033402
In base 10, what is 0 - 13491?
-13491
In base 6, what is -10 + 1140143?
1140133
In base 6, what is 1154 + -345?
405
In base 12, what is 994 - a?
986
In base 13, what is -11 - -153a?
1529
In base 2, what is 11110101 - -10011100001?
10111010110
In base 6, what is 5 - -20520?
20525
In base 16, what is 4682 - -8?
468a
In base 16, what is 23 + -3a4?
-381
In base 9, what is -5 + -2370?
-2375
In base 3, what is 11 + 202110221?
202111002
In base 11, what is -52a + -5a?
-589
In base 2, what is 101 - -11101010001000011?
11101010001001000
In base 3, what is 10 + -11212020000?
-11212012220
In base 13, what is -1acb - -624?
-14a7
In base 2, what is 10010000 - 10111000?
-101000
In base 14, what is 10d6ca + -4?
10d6c6
In base 15, what is 12 - 5b0e?
-5aec
In base 7, what is 3 - 560202?
-560166
In base 3, what is -2112 + -2012222112?
-2020002001
In base 9, what is -42036 - 0?
-42036
In base 16, what is 10 - 3d38?
-3d28
In base 6, what is 15 - 32322?
-32303
In base 3, what is 2001201000 - -12?
2001201012
In base 4, what is -300 - 1223231?
-1230131
In base 16, what is 190 - -177e?
190e
In base 16, what is 26f - -89?
2f8
In base 6, what is 4 - 25454?
-25450
In base 15, what is -817 - 48?
-860
In base 5, what is 331122 + -340?
330232
In base 8, what is 2 + -1707345?
-1707343
In base 11, what is -1 - 381243?
-381244
In base 15, what is -2 + 1baa?
1ba8
In base 14, what is 17513 + -5?
1750c
In base 2, what is -11010100 + 11001011?
-1001
In base 16, what is -71b3 + 5?
-71ae
In base 4, what is 11201 - 122031?
-110230
In base 10, what is 7 - -11645?
11652
In base 13, what is -8c58 - 11?
-8c69
In base 6, what is 4154 + 2?
4200
In base 8, what is -20 - -27362?
27342
In base 15, what is 1841d + 0?
1841d
In base 5, what is -103 - -1041133?
1041030
In base 13, what is -8c - 1078?
-1137
In base 3, what is 200 - -2212102010?
2212102210
In base 16, what is -18ecf - 19?
-18ee8
In base 8, what is -61 - 300763?
-301044
In base 15, what is -43545 + 1?
-43544
In base 4, what is 11200220133 + -1?
11200220132
In base 11, what is -35084 + 0?
-35084
In base 15, what is -1061 - -60?
-1001
In base 9, what is 13 - -8001?
8014
In base 11, what is 59 + -a72?
-a14
In base 15, what is -1 + cc22c?
cc22b
In base 11, what is 0 + 1341?
1341
In base 9, what is -4 + 13844?
13840
In base 14, what is -2c73 + a?
-2c67
In base 12, what is ba64 + 4?
ba68
In base 9, what is -268 + -344?
-623
In base 2, what is 10 - -100111010001000111?
100111010001001001
In base 14, what is 12a9 - 65?
1244
In base 3, what is 1 + 1212120000?
1212120001
In base 2, what is 10 + -1110000001100001?
-1110000001011111
In base 8, what is -60 - 136604?
-136664
In base 8, what is 10 - -62010?
62020
In base 15, what is -14c2 + -26?
-14e8
In base 6, what is 2 - 145520?
-145514
In base 10, what is -5 - 48957?
-48962
In base 10, what is 104 - 3196?
-3092
In base 9, what is -256 - -132?
-124
In base 3, what is 12210 + 20122?
110102
In base 15, what is -6 + -71a06?
-71a0c
In base 10, what is 687 - -39?
726
In base 13, what is 46 + -667?
-621
In base 14, what is -2 - -2daba6?
2daba4
In base 14, what is -43 + 326?
2c3
In base 12, what is -12355 - 8b?
-12424
In base 15, what is 2e698 - 2?
2e696
In base 13, what is -2c246 + -7?
-2c250
In base 7, what is 5 + 662044?
662052
In base 10, what is 1 - 241060?
-241059
In base 15, what is -e + 510?
501
In base 16, what is 6 + -3f9?
-3f3
In base 7, what is -1056551 + 2?
-1056546
In base 11, what is -9543 - 3?
-9546
In base 13, what is -5 - -82486?
82481
In base 4, what is 1021332 - -121?
1022113
In base 3, what is -202 - -1021000221?
1021000012
In base 3, what is -120202 + 22111220?
21221011
In base 5, what is -111114 + 3?
-111111
In base 4, what is 31031013 + -11?
31031002
In base 16, what is -36c2bb + -3?
-36c2be
In base 4, what is 13 - 10333?
-10320
In base 16, what is -2cb + 1cf?
-fc
In base 12, what is 96 - 20?
76
In base 2, what is -10111000100001100 - -110?
-10111000100000110
In base 7, what is -5202 - 11?
-5213
In base 6, what is -55203010 + 5?
-55203001
In base 8, what is 13751 + -1640?
12111
In base 10, what is 1140 + 1993?
3133
In base 7, what is 16 + 4101?
4120
In base 10, what is -30 + 3557?
3527
In base 12, what is 8 - 23a160?
-23a154
In base 6, what is 553324 + -13?
553311
In base 12, what is 252 - 1?
251
In base 14, what is 1d4 + 90?
284
In base 14, what is 1d8 - -7a4?
99c
In base 9, what is 235 + -265?
-30
In base 11, what is 38250 + 75?
38315
In base 9, what is 12356 + -28?
12327
In base 8, what is -55 - -336?
261
In base 3, what is -221 - 121021111?
-121022102
In base 14, what is 1a2aa0 - -5?
1a2aa5
In base 15, what is b3 - -13ea?
14ad
In base 13, what is -81 + c?
-72
In base 11, what is 2711 - 24?
2698
In base 8, what is 217441 - -3?
217444
In base 12, what is 2 + 389?
38b
In base 6, what is 5532422 - 5?
5532413
In base 3, what is -10111211 + 0?
-10111211
In base 12, what is -4 + 9b65?
9b61
In base 15, what is -29 + -481?
-4aa
In base 16, what is -96e - -126?
-848
In base 11, what is 16 + 34579?
34594
In base 3, what is -1002000 + 112?
-1001111
In base 6, what is -3305 + -22?
-3331
In base 5, what is -1421 - -2321?
400
In base 5, what is -4 + 4031143?
4031134
In base 8, what is 26007312 - 0?
26007312
In base 2, what is -10111110100000 - 10?
-10111110100010
In base 15, what is 10 - -c0b?
c1b
In base 2, what is -11010 - 10101010001100111?
-10101010010000001
In base 13, what is -843 + 8?
-838
In base 6, what is 1 - 44450043?
-44450042
In base 2, what is 10 - -101101011101?
101101011111
In base 6, what is 14 + -21503?
-21445
In base 10, what is -1 - 9607?
-9608
In base 16, what is -460 + 4?
-45c
In base 10, what is -16243 - 4?
-16247
In base 15, what is 24b - -16eb?
1947
In base 8, what is -3046402 - 1?
-3046403
In base 12, what is -23b - 24?
-263
In base 12, what is -6 - -35787?
35781
In base 12, what is -66282 + 2?
-66280
In base 6, what is 314 - -5042?
5400
In base 14, what is 4 - 122a2?
-1229c
In base 16, what is -14 - -19bb4?
19ba0
In base 9, what is -1 - 611?
-612
In base 10, what is -12 - 3300?
-3312
In base 13, what is 19692 - 56?
19639
In base 13, what is -5236 + -19?
-5252
In base 13, what is c + 2350?
235c
In base 7, what is 4 + 1433264?
1433301
In base 11, what is 15 - -380?
395
In base 16, what is 4 + d42?
d46
In base 15, what is -176 + -5?
-17b
In base 2, what is -1 + -1010101011101010001?
-1010101011101010010
In base 14, what is -2 - 2b874?
-2b876
In base 7, what is 32263 - -42?
32335
In base 10, what is 1965 - 